{"id":1815,"date":"2021-12-24T22:43:45","date_gmt":"2021-12-24T22:43:45","guid":{"rendered":"https:\/\/bslthemes.site\/kinsley\/?page_id=1815"},"modified":"2023-07-14T17:14:06","modified_gmt":"2023-07-14T16:14:06","slug":"promotion","status":"publish","type":"page","link":"https:\/\/unicom-tn.com\/BizertaResort\/promotion\/","title":{"rendered":"Promotion"},"content":{"rendered":"\t\t<div data-elementor-type=\"wp-page\" data-elementor-id=\"1815\" class=\"elementor elementor-1815\">\n\t\t\t\t\t\t\t\t\t<section class=\"elementor-section elementor-top-section elementor-element elementor-element-35fa454 elementor-section-full_width elementor-section-height-default elementor-section-height-default\" data-id=\"35fa454\" data-element_type=\"section\" data-settings=\"{&quot;background_background&quot;:&quot;classic&quot;}\">\n\t\t\t\t\t\t\t<div class=\"elementor-background-overlay\"><\/div>\n\t\t\t\t\t\t\t<div class=\"elementor-container elementor-column-gap-no\">\n\t\t\t\t\t<div class=\"elementor-column elementor-col-100 elementor-top-column elementor-element elementor-element-65dadb9\" data-id=\"65dadb9\" data-element_type=\"column\">\n\t\t\t<div class=\"elementor-widget-wrap elementor-element-populated\">\n\t\t\t\t\t\t\t\t<div class=\"elementor-element elementor-element-eaae1f7 elementor-widget elementor-widget-kinsley-intro\" data-id=\"eaae1f7\" data-element_type=\"widget\" data-widget_type=\"kinsley-intro.default\">\n\t\t\t\t<div class=\"elementor-widget-container\">\n\t\t\t\n    <!-- banner -->\n    <section class=\"knsl-banner-simple knsl-transition-bottom knsl-banner-white\">\n      \n      <div class=\"container\">\n        <div class=\"row\">\n          <div class=\"col-lg-12\">\n\n            <div class=\"knsl-center knsl-title-frame\">\n                            <h1 class=\"knsl-title--h knsl-mb-20 knsl-h1-inner\">\n                <span >\n                    Nos Promotions                <\/span>\n              <\/h1>\n                            \n              \n            <\/div>\n\n          <\/div>\n        <\/div>\n      <\/div>\n    <\/section>\n    <!-- banner end -->\n\n\t\t\t\t<\/div>\n\t\t\t\t<\/div>\n\t\t\t\t\t<\/div>\n\t\t<\/div>\n\t\t\t\t\t\t\t<\/div>\n\t\t<\/section>\n\t\t\t\t<section class=\"elementor-section elementor-top-section elementor-element elementor-element-b9380df elementor-section-full_width elementor-section-height-default elementor-section-height-default\" data-id=\"b9380df\" data-element_type=\"section\">\n\t\t\t\t\t\t<div class=\"elementor-container elementor-column-gap-no\">\n\t\t\t\t\t<div class=\"elementor-column elementor-col-100 elementor-top-column elementor-element elementor-element-3e64806\" data-id=\"3e64806\" data-element_type=\"column\">\n\t\t\t<div class=\"elementor-widget-wrap elementor-element-populated\">\n\t\t\t\t\t\t\t\t<div class=\"elementor-element elementor-element-5de739b elementor-widget elementor-widget-kinsley-services\" data-id=\"5de739b\" data-element_type=\"widget\" data-widget_type=\"kinsley-services.default\">\n\t\t\t\t<div class=\"elementor-widget-container\">\n\t\t\t\n\t\t<!-- services -->\n    <section class=\"knsl-p-0-80\">\n      <div class=\"container\">\n        <div class=\"row \">\n          \n                              <div class=\"col-lg-4\">\n\n\t\t\t\t\t\t\n\n<!-- service card -->\n<div class=\"knsl-ath-card \">\n\t<div class=\"knsl-cover-frame\">\n\t\t<a href=\"https:\/\/unicom-tn.com\/BizertaResort\/services\/hebergement\/\">\n\t\t\t\t\t\t<img decoding=\"async\" src=\"https:\/\/unicom-tn.com\/BizertaResort\/wp-content\/uploads\/2021\/08\/res-2-950x713-1.png\" alt=\"S\u00e9jour\">\n\t\t\t\t\t<\/a>\n\t\t<div class=\"knsl-badge\">\n\t\t\t\n<p class=\"mphb-price-wrapper\"><strong>Prix :<\/strong>\n<span class=\"mphb-price\">98<span class=\"mphb-currency\">&#x62f;.&#x62a;<\/span><\/span> \/ Par jour \/ Par invit\u00e9(e)\n<\/p>\t\t<\/div>\n\t<\/div>\n\t<div class=\"knsl-card-description\">\n\t\t<h3 class=\"knsl-mb-10\">\n\t\t\tS\u00e9jour\t\t<\/h3>\n\t\t<div class=\"knsl-text knsl-text--h\">\n\t\t\t<p>S\u00e9jour D\u00e9couvrez l&#8217;\u00e9t\u00e9 \u00e0 Bizerte \u00e0 partir de 98 DT ! Plongez dans une exp\u00e9rience inoubliable les\u2026<\/p>\n\t\t<\/div>\n\t\t<a href=\"https:\/\/unicom-tn.com\/BizertaResort\/services\/hebergement\/\" class=\"knsl-btn\">\n\t\t\tProfitez !\t\t<\/a>\n\t<\/div>\n<\/div>\n<!-- service card end -->\n\n          <\/div>\n                    <div class=\"col-lg-4\">\n\n\t\t\t\t\t\t\n\n<!-- service card -->\n<div class=\"knsl-ath-card \">\n\t<div class=\"knsl-cover-frame\">\n\t\t<a href=\"https:\/\/unicom-tn.com\/BizertaResort\/services\/caraibes-spa\/\">\n\t\t\t\t\t\t<img decoding=\"async\" src=\"https:\/\/unicom-tn.com\/BizertaResort\/wp-content\/uploads\/2022\/07\/luxury-12-950x633.jpg\" alt=\"Massage\">\n\t\t\t\t\t<\/a>\n\t\t<div class=\"knsl-badge\">\n\t\t\t\n<p class=\"mphb-price-wrapper\"><strong>Prix :<\/strong>\n<span class=\"mphb-price\">35<span class=\"mphb-currency\">&#x62f;.&#x62a;<\/span><\/span> \/ une fois \/ Par invit\u00e9(e)\n<\/p>\t\t<\/div>\n\t<\/div>\n\t<div class=\"knsl-card-description\">\n\t\t<h3 class=\"knsl-mb-10\">\n\t\t\tMassage\t\t<\/h3>\n\t\t<div class=\"knsl-text knsl-text--h\">\n\t\t\t<p>Massage Profitez d&#8217;un massage relaxant \u00e0 partir de 35dt D\u00e9couvrez notre univers de soins et de bien-\u00eatre\u2026<\/p>\n\t\t<\/div>\n\t\t<a href=\"https:\/\/unicom-tn.com\/BizertaResort\/services\/caraibes-spa\/\" class=\"knsl-btn\">\n\t\t\tProfitez !\t\t<\/a>\n\t<\/div>\n<\/div>\n<!-- service card end -->\n\n          <\/div>\n                    <div class=\"col-lg-4\">\n\n\t\t\t\t\t\t\n\n<!-- service card -->\n<div class=\"knsl-ath-card \">\n\t<div class=\"knsl-cover-frame\">\n\t\t<a href=\"https:\/\/unicom-tn.com\/BizertaResort\/services\/piscine\/\">\n\t\t\t\t\t\t<img decoding=\"async\" src=\"https:\/\/unicom-tn.com\/BizertaResort\/wp-content\/uploads\/2022\/10\/piscine-chauffee-hotel-bizerta-resort.jpg\" alt=\"Acc\u00e8s piscine\">\n\t\t\t\t\t<\/a>\n\t\t<div class=\"knsl-badge\">\n\t\t\t\n<p class=\"mphb-price-wrapper\"><strong>Prix :<\/strong>\n<span class=\"mphb-price\">40<span class=\"mphb-currency\">&#x62f;.&#x62a;<\/span><\/span> \/ une fois \/ Par invit\u00e9(e)\n<\/p>\t\t<\/div>\n\t<\/div>\n\t<div class=\"knsl-card-description\">\n\t\t<h3 class=\"knsl-mb-10\">\n\t\t\tAcc\u00e8s piscine\t\t<\/h3>\n\t\t<div class=\"knsl-text knsl-text--h\">\n\t\t\t<p>Acc\u00e8s \u00e0 la piscine Plongez dans le plaisir estival \u00e0 40dt Notre h\u00f4tel vous offre un acc\u00e8s\u2026<\/p>\n\t\t<\/div>\n\t\t<a href=\"https:\/\/unicom-tn.com\/BizertaResort\/services\/piscine\/\" class=\"knsl-btn\">\n\t\t\tProfitez !\t\t<\/a>\n\t<\/div>\n<\/div>\n<!-- service card end -->\n\n          <\/div>\n          \n\t\t\t\t\t\n\t\t\t\t\t\t\t              <\/div>\n      <\/div>\n    <\/section>\n    <!-- services end -->\n\n\t\t\t\t<\/div>\n\t\t\t\t<\/div>\n\t\t\t\t\t<\/div>\n\t\t<\/div>\n\t\t\t\t\t\t\t<\/div>\n\t\t<\/section>\n\t\t\t\t\t\t\t<\/div>\n\t\t","protected":false},"excerpt":{"rendered":"<p>Nos Promotions Prix : 98&#x62f;.&#x62a; \/ Par jour \/ Par invit\u00e9(e) S\u00e9jour S\u00e9jour D\u00e9couvrez l&#8217;\u00e9t\u00e9 \u00e0 Bizerte\u2026<\/p>\n","protected":false},"author":1,"featured_media":0,"parent":0,"menu_order":0,"comment_status":"closed","ping_status":"closed","template":"template-layout-builder.php","meta":{"inline_featured_image":false,"_mi_skip_tracking":false,"_monsterinsights_sitenote_active":false,"_monsterinsights_sitenote_note":"","_monsterinsights_sitenote_category":0,"footnotes":"","_links_to":"","_links_to_target":""},"class_list":["post-1815","page","type-page","status-publish","hentry"],"acf":[],"aioseo_notices":[],"_links":{"self":[{"href":"https:\/\/unicom-tn.com\/BizertaResort\/wp-json\/wp\/v2\/pages\/1815","targetHints":{"allow":["GET"]}}],"collection":[{"href":"https:\/\/unicom-tn.com\/BizertaResort\/wp-json\/wp\/v2\/pages"}],"about":[{"href":"https:\/\/unicom-tn.com\/BizertaResort\/wp-json\/wp\/v2\/types\/page"}],"author":[{"embeddable":true,"href":"https:\/\/unicom-tn.com\/BizertaResort\/wp-json\/wp\/v2\/users\/1"}],"replies":[{"embeddable":true,"href":"https:\/\/unicom-tn.com\/BizertaResort\/wp-json\/wp\/v2\/comments?post=1815"}],"version-history":[{"count":20,"href":"https:\/\/unicom-tn.com\/BizertaResort\/wp-json\/wp\/v2\/pages\/1815\/revisions"}],"predecessor-version":[{"id":5480,"href":"https:\/\/unicom-tn.com\/BizertaResort\/wp-json\/wp\/v2\/pages\/1815\/revisions\/5480"}],"wp:attachment":[{"href":"https:\/\/unicom-tn.com\/BizertaResort\/wp-json\/wp\/v2\/media?parent=1815"}],"curies":[{"name":"wp","href":"https:\/\/api.w.org\/{rel}","templated":true}]}}